3)?
5
Let c(k) be the second derivative of 0 - 14*k - 2*k**2 + 1/6*k**3. Determine c(5).
1
Let j(y) = 5*y**3 + 2*y**2 - 12*y - 4. Let t(c) = -4*c**3 - c**2 + 11*c + 2. Let w(b) = 3*j(b) + 4*t(b). What is w(4)?
-4
Let d(o) be the first derivative of o**3/3 + 15*o + 80. What is d(0)?
15
Let h(q) = q**3 - q**2 + 1. Let f(n) = 3*n**3 - 18*n**2 + 16*n - 9. Let u(p) = -f(p) + 2*h(p). Give u(15).
-4
Let m(f) = -f**3 - 4*f**2 + 9*f - 7. Let v be m(-6). Let p(w) = -14*w + 1 - 4*w**2 - 10*w**3 + v*w + 9*w**3. Calculate p(-3).
1
Let z(c) be the second derivative of c**3/2 + 16*c**2 + 258*c. Calculate z(-8).
8
Let q(p) be the third derivative of -p**6/120 - p**5/10 - 5*p**4/24 + p**3 + 238*p**2. What is q(-6)?
36
Let h(b) = 5*b**2 + 32*b - 6. Let s(d) = -3*d**2 - 18*d + 3. Let a(p) = -6*h(p) - 11*s(p). Calculate a(-4).
27
Let b(c) = -c**3 - 3*c**2 - 5*c - 3. Let k be b(-2). Let n(z) = 7 + 3*z - 7. Determine n(k).
9
Let f(g) = g - 5. Let j(h) = 2*h**2 + 5*h. Let o be j(-3). Let v be -2*(4 - (o + 3)). Determine f(v).
-1
Let k(a) = -a**3 - 7*a**2 + 8*a - 13. Let t(z) = 4*z**3 + 27*z**2 - 32*z + 52. Let b(r) = 9*k(r) + 2*t(r). Give b(-10).
7
Suppose -2*v - 12 = -2. Let z be (2/6)/(v/(-30)). Let f(g) = 4*g**z - 11 + 6 + 1 + g**3 + g + 3. Give f(-4).
-5
Let t = 10 - 6. Let h = t - 5. Let c(q) = -27*q + 15. Let u(z) = 4*z - 2. Let j(n) = 2*c(n) + 15*u(n). Determine j(h).
-6
Let r = -1055 + 1050. Let a(d) = -5*d**3 - 5*d**2 - 2*d + 11. Let p(g) = 11*g**3 + 10*g**2 + 5*g - 23. Let t(z) = 9*a(z) + 4*p(z). Give t(r).
-3
Let a(k) = 7*k. Suppose 3*j = -4*z - 3 + 22, 0 = 2*z - 5*j - 3. Suppose 0 = z*y - 14 - 2, -4*y = 5*v - 21. Calculate a(v).
7
Let w be (-4)/(-14) + (-23)/7. Let b(l) = 1. Let n(x) = x - 2. Let a(p) = -14*b(p) - 4*n(p). Let g(o) = -2*o - 3. Let s(r) = -6*a(r) + 13*g(r). Give s(w).
3
Let b(t) = 4*t**3 + 2*t**3 - t**3 + 2*t**2 - 3*t**2. Let r be b(-1). Let q(h) = h**3 + 5*h**2 - 4*h + 1. What is q(r)?
-11
Let t = -80 + 78. Let f(a) = 2*a**3 + 3*a**2 + 11*a + 4. Let x(y) = -y**3 - 2*y**2 - 5*y - 2. Let n(q) = 2*f(q) + 5*x(q). Determine n(t).
-4
Let p be (-1)/(-1) + 16/2 + -9. Let k(x) be the third derivative of p*x + 4*x**2 + 1/12*x**4 - x**3 + 0. Calculate k(4).
2
Let r(q) be the first derivative of q**6/120 + q**5/30 + q**3/3 + 5*q**2/2 - 4. Let g(l) be the second derivative of r(l). Determine g(-2).
2
Let f be (-114)/(-7) + 2/(-7). Suppose 46 = -5*i + f. Let n(c) = 7*c + 3*c + 0*c + 11*c - 8 - 23*c. Determine n(i).
4
Let d(o) = -9*o - 6. Let w(n) = -11*n - 7. Let x(i) = 6*d(i) - 5*w(i). Give x(-1).
-2
Let j(o) = 9*o. Let n = 116 + -115. What is j(n)?
9
Let s(q) = 6*q - 20. Let v(w) = -11*w + 37. Let a(n) = -7*s(n) - 4*v(n). Calculate a(9).
10
Let c(f) = -f**3 - 10*f**2 + 11*f + 1. Let p be c(-11). Let s = p - -3. Let y(v) = -2 + 5*v**2 - v**3 - v**2 - v + 0*v**2. Calculate y(s).
-6
Suppose s - 4 + 6 = 0. Let x = s - -1. Let d(i) = i**2 - i - 1. Let h(q) = -9*q**2 - 1. Let v(r) = -2*d(r) + h(r). What is v(x)?
-12
Let r(j) = -j**3 - 8*j**2 - 8*j - 6. Let w be r(-7). Let f be w*(-50)/(4 - 9). Let z(m) = -m**2 + 12*m - 12. Calculate z(f).
8
Let i(w) = -2*w**3 + 48*w**2 - 8*w + 187. Let t be i(24). Let x(s) = 5*s - 15. Let f(v) = 2*v - 5. Let n(d) = -11*f(d) + 4*x(d). Calculate n(t).
5
Let j(i) = i**3 - i**2 + 7*i - 3. Let t(z) = -z**3 - 8*z + 3. Let b(q) = -4*j(q) - 3*t(q). Let y(o) = -o**3 - 6*o**2 + 2*o + 15. Let d be y(-6). Determine b(d).
0
Let n(t) = 5 - 7*t - 4*t**2 - t**3 - t**2 + 4*t**2 - 7*t**2. Let z(o) = o**2 - 7*o - 1. Let p be z(6). Calculate n(p).
5
Suppose 6677*g + 36 = 6681*g. Let p(o) = o**2 - 9*o - 16. Give p(g).
-16
Let s(x) = -46*x - 137. Let p be s(-3). Let g(w) = 33*w**3 - w**2 + 2*w - 1. Determine g(p).
33
Let u(w) = 16*w**2 + 31*w - 17. Let j(o) = 1. Let v(z) = 3*j(z) + u(z). Let s(p) = -3*p**2 - 6*p + 3. Let b(x) = 11*s(x) + 2*v(x). Determine b(-5).
0
Suppose 2*g - 6 = -g. Let a(q) = -q**g - 3 - 3*q + 0*q**2 + 0*q**2. Suppose -3*m - 4 - 5 = 0, -18 = 2*f + 4*m. What is a(f)?
-3
Let b(q) = -3*q + 7*q - 3*q - 9. Give b(7).
-2
Let l(m) = -30 + 8 + 3*m + 10 + 9. Calculate l(1).
0
Let z(h) = -h**3 + 11. Suppose 0 = -15*x + 75*x. What is z(x)?
11
Let n(c) = -c**2 - 4*c + 2 + 1 - 2. Let w be 160/90 + (-2)/(-9). Suppose w*y = 2*h - 4, 2*y + 3*h + 16 = -h. Calculate n(y).
1
Let k = 2 + -9. Let c(f) = 1. Let j(d) = 197*d - 101*d - 95*d. Let s(p) = -c(p) + j(p). Determine s(k).
-8
Suppose 75 = -8*n + 91. Let h(t) = -3*t - 1. Give h(n).
-7
Let i = -5 + 9. Let g be (7 - 0) + i/(-1). Suppose -12 = n + n + g*x, 25 = -5*n - 5*x. Let s(z) = -z + 3. Determine s(n).
6
Let t = 48 + -48. Let y be (-22)/(-4)*(t + (-3 - -5)). Let r(d) = -d + 16. What is r(y)?
5
Let z(h) = -5*h**3 - h**2 + 7*h - 6. Let v(f) = 14*f**3 + 4*f**2 - 20*f + 17. Let s(q) = 6*v(q) + 17*z(q). Let p be s(7). Let n(j) = 2*j + 8. Give n(p).
-6
Suppose 143 + 367 = -17*m. Let a be (-155)/(-50) - (-3)/m. Let g(n) = -2*n**2 + 4*n. Determine g(a).
-6
Let w(h) = h**2 + 10*h + 9. Let z(m) = -4*m**2 - 41*m - 39. Let j(c) = 9*w(c) + 2*z(c). Calculate j(-7).
-4
Let h(x) = -x**2 - 7*x + 6. Let t = -76 + 88. Let n(v) = -v**2 - 3. Let a be n(-4). Let s = a + t. Give h(s).
6
Let q = -26 + 23. Let i(m) = -m + 1. Let b(d) = -3*d + 3. Let x(j) = b(j) - 4*i(j). Calculate x(q).
-4
Let x be (2 - -8)/(1 - -1). Let a(o) = -3*o - 10 - x*o + 4*o + 2*o. Calculate a(-8).
6
Suppose 1703 = 14*h + 1787. Let j(a) be the third derivative of a**4/12 + a**3/3 + 3*a**2. What is j(h)?
-10
Let k = 54 + -48. Let v(y) = y. Let q(h) = h**2 - h + 2. Let j(m) = k*v(m) - q(m). What is j(4)?
10
Let b(y) = y**2 + 8*y + 23. Suppose 56 - 168 = 28*j. Calculate b(j).
7
Let s(h) = -h**3 + 7*h**2 - 2*h - 7. Let u(a) = a**3 - 8*a**2 + 3*a + 8. Let k(w) = 4*s(w) + 3*u(w). Suppose -12 = 1033*r - 1036*r. Calculate k(r).
0
Let n(w) = -w**2 + 4. Let d(r) = 2*r**3 + 13*r**2 + 8*r + 8. Let a = 58 - 64. Let c be d(a). Determine n(c).
-12
Let l(g) = 5*g + 8. Let o(d) = 4*d + 7. Suppose 3*a = 4*p - 0*a + 23, -12 = 2*p - 2*a. Let n(b) = p*l(b) + 6*o(b). What is n(4)?
-2
Let u(z) = -z**2 + 4*z - 1. Suppose 7*j + 69 = 3*j - c, 0 = c + 5. Let v = -12 - j. Determine u(v).
-1
Let z(d) = 3*d + 3. Let s(l) = 3*l + 4. Let q(t) = 5*s(t) - 6*z(t). Suppose -3*c - 7 = b, -2*b + 5*c + 2 = -6. Let a be b/(-4)*2*6. Determine q(a).
-7
Let q = 3 - 3. Let i be 2/(2 + 0) - -1. Let a(h) = q*h - i*h - h - h. Determine a(1).
-4
Let z(g) = -13*g + 10. Let v(i) = i - 1. Let f(u) = 3*v(u) + z(u). Let w(d) = -d + 1. Let b(l) = f(l) - 5*w(l). Calculate b(-3).
17
Suppose 14 = -3*m + 4*z, -2*z = 5*m + z - 25. Let x(a) = 5*a**2 + 4*a**2 - 3*a + a**3 - 5*a + 11 - a**m. What is x(-9)?
2
Let m(k) = -10 + 29 - 4*k - 12 - 11. Give m(-3).
8
Suppose 2*x + 18 = -4*d, 4*x + d - 6*d = 3. Suppose -5 = -3*t + n, -n + 0*n = -1. Let a(s) = -6 - 5*s + 3 + 0 - s**t - s**2. Calculate a(x).
-6
Let c = -2 + 5. Suppose 5*j + 26 = 2*g, 14 + 10 = 4*g + 4*j. Let m(o) = g - 36 - 7*o + 17 + 15. Calculate m(c).
-17
Let b(j) = -16 - 7*j - 7*j - 1 + 12*j. What is b(0)?
-17
Let p be 6/5*(182/21 - 7). Let h(r) = 2*r**3 - 1 + 4 - 2*r - r**3. Calculate h(p).
7
Let n(a) be the second derivative of -a**5/20 + 7*a**4/12 + a**3/2 - 5*a**2 - 123*a. What is n(7)?
11
Let p(l) = l**2 - 1. Let j be p(-1). Let m(v) = v**2 + v - 36 - 3 + 37. Give m(j).
-2
Let a(f) be the first derivative of 1/2*f**2 + 6*f - 5. Let q = 26 - 20. Determine a(q).
12
Let y be (-26)/(-117) + (-32)/(-18). Let f(x) = -18*x + 26*x - 7 - 4*x**y + 3*x**2. Calculate f(7).
0
Let p(o) be the third derivative of -o**4/24 - 13*o**3/6 - 528*o**2. Give p(-8).
-5
Let a(x) = x**3 - 5*x**2 - 3*x + 9. Suppose 3*j = 5*q + 40, -5*j + 2*q + q + 40 = 0. Calculate a(j).
-6
Let l(v) = -9*v - 6. Let p be l(-2). Let y be (-19)/3 + 2/(-3). Let h = y + p. Let c(j) = j**2 - 6*j + 3. What is c(h)?
-2
Let s(h) = 10 + 24 - 48 + h. What is s(6)?
-8
Let l be 20 + -11 + 12/(-9)*3. Let a(s) = 6*s - 7. Calculate a(l).
23
Let v(k) = -33*k**2 - 9*k - 3. Let q(n) = 14*n**2 + 4*n + 1. Let w(b) = -7*q(b) - 3*v(b). Give w(0).
2
Let h(o) = 2 + 3 + 154*o - o**2 - 161*o - 2. Calculate h(-8).
-5
Suppose 2 = -2*g, 2*g = -2*h + 3*g + 47. Let p(c) = 5*c - 18 + 0*c - c**2 + h. Determine p(6).
-1
Let m(t) be the second derivative of t**3/6 + 27*t**2/2 - 337*t. Calculate m(-13).
14
Le